0/130 + 4/m. Suppose 3*y + v*g = -g + 114, y + 2*g - 41 = 0. What are the prime factors of y?
5, 7
Let g = 1978 + -2348. Let o be (-2 - (-30)/4)*-46. Let m = o - g. List the prime factors of m.
3, 13
Let l(f) = 1050*f**2 + 99*f + 26. What are the prime factors of l(-3)?
67, 137
Let h = 20 + -19. Let r be 8 - 0 - ((-3)/h - -5). List the prime factors of 1*r*(-3)/((-3)/20).
2, 3, 5
Suppose -3*t = -f - 111, -2 + 39 = t + 3*f. Suppose 0 = 35*x - t*x. Suppose -5*h = -x*v - 5*v - 165, -66 = -2*h - 5*v. What are the prime factors of h?
3, 11
Let a(q) = -335*q**3 - 3*q**2 - q + 1. Suppose 45*g - 34*g + 11 = 0. List the prime factors of a(g).
2, 167
Let m be -2*(-13 - -14)/(2/(-276)). Suppose b - m = 82. List the prime factors of b.
2, 179
Let a be 4 + 1 + (-258 - (0 - 3)). Let v = 281 + a. What are the prime factors of v?
31
Let v(n) = -463*n + 337. List the prime factors of v(-45).
2, 67, 79
Suppose -112 + 42 = -14*j. Suppose 13885 - 4055 = j*z. What are the prime factors of z?
2, 983
Let z = 183 - 195. Let b(q) = -27*q - 81. List the prime factors of b(z).
3
Let x(d) be the first derivative of d**2/2 - 14*d - 24. Let a be x(16). Suppose -a*k = -4*k + w + 156, 4*k - 4*w - 308 = 0. List the prime factors of k.
79
Let j(u) = 21*u**2 + 6*u - 911. List the prime factors of j(30).
18169
Let o = -2019 + 2234. List the prime factors of o.
5, 43
Let l = 21994 + -7976. List the prime factors of l.
2, 43, 163
Let h = -31 + -2. Let l(c) = 2*c**2 + 55*c + 10. List the prime factors of l(h).
373
Let q be (-33)/(-6) + 6/12. Let g be (-4)/q + (-1124)/(-12). List the prime factors of g - (-2)/(8/12).
2, 3
Suppose 5*q - 4846 = 4*q + 17878. What are the prime factors of q?
2, 13, 19, 23
Let r(x) = x**2 - 14*x + 16. Let g be r(14). Let d = g + -8. What are the prime factors of (4/d + 0)/(4/1896)?
3, 79
Suppose -3002*b - 10888 = -3003*b. What are the prime factors of b?
2, 1361
Let b(k) be the third derivative of -k**4/24 - k**3/6 + 15*k**2. Let x(q) = -q**2 + 9*q + 5. Let c(w) = -2*b(w) - x(w). List the prime factors of c(8).
5
Suppose -2*r - 13 = -3*r. Suppose -3*l + h + 6 = r, -h + 9 = -5*l. What are the prime factors of (-4)/l - -49 - 1?
2, 13
Let z = 205 - 112. Let o = 346 - z. What are the prime factors of o?
11, 23
Let b(j) = 874*j - 76. Let p be b(-5). What are the prime factors of p/(-45) - ((-18)/(-10) + -2)?
3, 11
Let d be (-370)/(-70) - 6/21. Suppose -2*a = 2*m - 3*m - 6, 4*m + d*a + 63 = 0. List the prime factors of (-34 + 0)/(4/m).
2, 3, 17
Suppose -v - x - 4*x + 1031 = 0, -5*v + 5103 = -x. Suppose 0*l - 5*r - 181 = l, -5*l - v = -4*r. Let f = l - -389. What are the prime factors of f?
2, 47
Suppose 0 = -4*c + 8 - 0. Suppose 0 = -7*z - 544 + 572. Suppose -z*x + 228 = -c*x. List the prime factors of x.
2, 3, 19
Suppose 3575 = 12*y - 12409. Suppose -4*a + 0*x - 4*x = -5360, -a - 3*x + y = 0. List the prime factors of a.
2, 3, 7
Let o(h) = 3*h**2 - 6*h - 4. Let k be o(3). Suppose k*q + 0*n - 63 = -n, q = -3*n + 7. Suppose 12*b = q*b - 95. What are the prime factors of b?
5, 19
Suppose 2*v - 238 = -2*v - n, -3*n - 6 = 0. Suppose 5*z + 3*k + 107 = -113, -5*z - 4*k - 215 = 0. Let y = z + v. What are the prime factors of y?
13
Let u = -61 + 532. Let d = u - 271. List the prime factors of d.
2, 5
Suppose -4*n - 199345 = -106*n + 510779. What are the prime factors of n?
2, 59
Let n be 3*159/(-27)*12. Let l = 226 + n. What are the prime factors of l?
2, 7
Suppose 4*i - 5*y = -80817 + 348833, 0 = y - 4. List the prime factors of i.
113, 593
Let u(k) = -47 - 21*k**2 + 49*k**2 - 24*k**2 - 9*k. What are the prime factors of u(12)?
421
Suppose -47*f - 18 = -53*f. Suppose -r - 163 = -3*n - f*r, n = r + 46. What are the prime factors of n?
3, 17
Suppose 82 = 3*r - 128. Let u = -65 + r. Suppose 4*q + u*k = 145, 7 = k + 2. What are the prime factors of q?
2, 3, 5
Let r = -119 - -112. List the prime factors of (r - -23)*82/4.
2, 41
Let y(w) = 10881*w**2 - 17*w - 5. What are the prime factors of y(-1)?
3, 3631
Suppose 0 = -18*r + r - 6715. What are the prime factors of (25/10)/(2 - r/(-198))?
3, 5, 11
Suppose 2*u + 8 = -3*w + 4, 0 = 2*w. Let t be (u/4)/((-2)/12). Suppose -4*x = -3*m - 508, 0 = -t*x - 2*m + 84 + 280. What are the prime factors of x?
2, 31
Suppose -12 = -4*f - 2*y, -3*f + 3*y + 16 = 8*y. List the prime factors of 7/f*864/56.
2, 3
Let j(k) = -3*k**3 - 4*k**2 - 2*k + 6. Let d be (-4)/(-6)*(33/6 - 4). Let a be (d - 2)/(-3 - 26/(-8)). What are the prime factors of j(a)?
2, 71
Suppose -89*q + 149*q - 1013160 = 0. List the prime factors of q.
2, 8443
Let u = 3028 - 1121. List the prime factors of u.
1907
Let k(i) = i**2 - 21*i - 40. Let v be k(23). List the prime factors of 3232/v + 29/87.
7, 11
Suppose 0 = 790*b + 554471 - 20816391. What are the prime factors of b?
2, 7, 229
Let i = 91 - -161. Let d = -183 + i. List the prime factors of d.
3, 23
Let g be 220/(-66)*(-1 + 4/(-5)). Suppose g*o - 7*o = -1. What are the prime factors of (-14)/4*(-58 + (o - 1))?
7, 29
Suppose 2355 + 909 = -6*i. Let u = 1190 + i. List the prime factors of u.
2, 17, 19
Let s = -34 + 75. Suppose -s = -3*h + v, 5*h + 4*v - 80 = -23. Suppose h*n - 731 = 829. List the prime factors of n.
2, 3, 5
Suppose 2*c - 16*t + 17*t - 1700 = 0, 12 = -3*t. Let j = c + -505. List the prime factors of j.
347
Suppose 22*x = 31282 + 19671 - 10759. List the prime factors of x.
3, 7, 29
Let v(a) = -a**2 - 12*a + 24. Let y be v(-13). Let b(r) = 2*r - 20. Let o be b(y). What are the prime factors of -70*((-6 - -3) + o)?
2, 5, 7
Suppose -90*j + 4*n - 7556 = -94*j, -j - 5*n + 1897 = 0. Suppose -j - 1218 = -9*p. What are the prime factors of p?
3, 5, 23
Let n = -5852 + 10676. What are the prime factors of n?
2, 3, 67
Let l(p) = 793*p - 363. What are the prime factors of l(3)?
2, 3, 7
Suppose 11*v - 6 = 8*v. Let o be 170/(4 - v) + (2 - 1). Let m = -56 + o. What are the prime factors of m?
2, 3, 5
Let d be (1/(-1))/(-2 + 10730/5370). Suppose -d = -2*k - k. List the prime factors of k.
179
Suppose 275 + 100 = 15*n. Suppose -n*u = -30*u + 2215. List the prime factors of u.
443
Suppose 302*b + 7864 = -303*b + 606*b. What are the prime factors of b?
2, 983
Let o(g) = 14*g - 9. Let u be o(1). Suppose -u*w + 100 = -3*d + 849, -d + 247 = -3*w. What are the prime factors of d?
11, 23
Let n(i) = 7*i**2 - i - 29. Let a(x) = -8*x**3 + 2*x + 2. Let q be a(-1). List the prime factors of n(q).
3, 137
Let y be (-165)/(-10)*(-4)/2 + 2. Let o = y + 278. List the prime factors of o.
13, 19
List the prime factors of 25647472/2556 + (-4)/18.
2, 29, 173
Suppose -7*v + 447 = -3998. What are the prime factors of v?
5, 127
Suppose 3*y + 3*w + 39 = 0, y + 8*w + 19 = 4*w. What are the prime factors of y/(55/(-1755)) - (3 + -1)?
349
Let j = -539 + 275. Let w be j/16*158/(-3). Suppose -238 + w = 5*b - 3*h, 4*b - h = 509. What are the prime factors of b?
2
Suppose -42*w + 105*w = 0. Let p be -87*1*74/(-6). Suppose -2*i + 403 = 3*x - 256, -5*x + 3*i + p = w. List the prime factors of x.
7, 31
What are the prime factors of (23 + 11564/(-84))*87/(-4)?
2, 29, 43
Suppose -5*i = 5, 9983 = 4*w - 0*i + i. Suppose 14*u - 4*r = 17*u - w, -5*r + 3327 = 4*u. What are the prime factors of u?
2, 3, 23
Let h = 82 + -97. Let t = h - -373. What are the prime factors of t?
2, 179
Let q(j) = -2*j**2 - 14*j - 7. Let i be q(-6). Suppose 214 = i*t + 2*g - 36, -t + 3*g = -50. What are the prime factors of t?
2, 5
Let r(c) = -2*c**3 - 15*c**2 + 2*c + 13. Let k(s) = -2*s**3 - 31*s**2 + 4*s + 27. Let n(q) = -2*k(q) + 5*r(q). What are the prime factors of n(-5)?
2, 3, 71
Let f = -72 - -36. Let m = f - -36. What are the prime factors of (1 - m) + (1 - 4) + 45?
43
Let g be (528906/8)/(20/(-160)). List the prime factors of (3/4)/(g/(-88144) - 6).
2, 787
Let p(g) = 125*g**3 - g**2 - 4*g + 5. Let n be p(1). Let r = -84 + n. List the prime factors of r.
41
Suppose -4*i = -2*i + 3*c - 5163, -c = 10*i - 25885. List the prime factors of i.
3, 863
Suppose 0*b - 18 = -6*b. Let y be -7 + 2 + b/3. What are the prime factors of (-5)/(15/(-168)) + y?
2, 13
Let d = 238 - 229. Let g = d - -671. What are the prime factors of g?
2, 5, 17
Let t(m) = 0*m**2 - 21*m + 27*m - 3 - m**2. List the prime factors of t(4).
5
Suppose 41633 + 445799 = -4558*p + 4566*p. List the prime factors of p.
11, 